 = -3*h + h + 8. Let i(b) = -19*b + 140. What is the remainder when i(7) is divided by h?
3
Suppose -15 = -2*d + 5*w, 4 = d - 3*w - 3. Let u(t) = -t**3 + 10*t**2 - t + 14. What is the remainder when 13 is divided by u(d)?
1
Let q be (-11)/(3*1/3). Let z = -7 - q. Suppose -5*b + 16 = -f, -z*f + b + 36 = 6*b. What is the remainder when f is divided by 3?
1
Let r(l) = -l**2 - 9*l - 1. Let x = 4 - 1. Suppose -x*i - 24 = -0. Calculate the remainder when 19 is divided by r(i).
5
Suppose c - 4*y = -2*c + 104, 0 = -4*c + 4*y + 140. What is the remainder when c is divided by 13?
10
Let g(j) = -j**3 - 3*j**2 - j + 2. Let c be g(-2). Suppose c = -y + 4 + 9. What is the remainder when (1*24)/(-7 + 8) is divided by y?
11
Suppose -5*v + 5*k + 113 + 22 = 0, 0 = 3*v + 4*k - 116. Suppose 5*d + 5*a - 63 = 22, -d - 4*a = -v. Calculate the remainder when d is divided by 8.
4
Suppose 5*x = -18 + 88. What is the remainder when x is divided by 9?
5
Suppose 4*n = 4*s - 168, -s - 4*n + 34 = 7. Calculate the remainder when s is divided by 14.
11
Calculate the remainder when 1*(30 - (3 + -2)) is divided by 8.
5
Let t(r) = -3*r + 1. Let w = -45 + 64. Calculate the remainder when w is divided by t(-3).
9
Suppose t + 10*t = 352. Calculate the remainder when 94 is divided by t.
30
Suppose 30 + 10 = 4*x. What is the remainder when 19 is divided by x?
9
Suppose 57 = 4*l - 7. Suppose -5*t = 2 + 23, 0 = -4*o - 5*t + 95. What is the remainder when o is divided by l?
14
Let o = 4 + -7. Let f be -1 + 1*o + 2. Let v = 6 + f. What is the remainder when 6 is divided by v?
2
What is the remainder when 70 is divided by ((-2)/5)/((-12)/360)?
10
Let b(v) = 5*v**2 - 16*v - 210. Let q(d) = -d**2 + 3*d + 42. Let w(i) = 2*b(i) + 11*q(i). Calculate the remainder when w(0) is divided by 11.
9
Suppose -11 = -5*y - 4*m, 4*m + 0*m + 16 = 4*y. Suppose -y*g - 5 = 4*q, -g = -q - 3*g - 5. Calculate the remainder when 2 is divided by q.
0
Suppose 8*j - 5 = 67. What is the remainder when 16 is divided by j?
7
Let h(g) = g**3 - 6*g**2 + 2*g - 6. What is the remainder when h(8) is divided by 35?
33
Let h = -1 - -3. Calculate the remainder when -3 + 2*129/6 is divided by 12 + 1/h*4.
12
Let i(s) = 3*s**3 + 1. Let o be i(-1). Suppose -2*n + 3*p = -4*n - 7, 5*n - 3*p = -49. What is the remainder when 21 is divided by 1 - (n - (o - 1))?
3
Calculate the remainder when (4 - 3) + 35 - 4 is divided by 7.
4
Let t = -28 + 73. What is the remainder when (-6)/(-10) - (-1683)/t is divided by 10?
8
Let j = 177 - 8. Suppose 5*w - 36 = j. What is the remainder when w is divided by 14?
13
Let x = -12 - -20. What is the remainder when 42*(-2 + 15/6) is divided by x?
5
Let p = -21 + 11. Let y be p/(-2)*(-3)/(-5). Suppose -y*h = -8*h + 25. What is the remainder when h is divided by 3?
2
Let y(t) = t**3 - 9*t**2 + 6*t + 8. Let p be (-4)/(0 + -2) + 6. Let l be y(p). Let n = 25 + l. Calculate the remainder when 49 is divided by n.
15
Let i = -29 + 45. Calculate the remainder when 2*3/(12/94) is divided by i.
15
Suppose 0 = -3*v + 6. Suppose -5*h = 5*t - 2*t - 8, 5*h = v*t - 22. What is the remainder when 10 is divided by t?
4
Suppose 2*r = a - 192, 2*r = -5*a + 209 + 739. Suppose 5*v - a = -0*v. Suppose u + 3*u = 4*q + 48, -2*q - 11 = -u. What is the remainder when v is divided by u?
12
Let t(x) = -38*x + 1. Let r = 10 - 13. Let i be t(r). Suppose 4*f = -f + i. Calculate the remainder when 44 is divided by f.
21
Let b = 32 + 10. Let n = 38 + -23. Calculate the remainder when b is divided by n.
12
Let v(b) = 18*b**2 + 2*b - 1. Let x(j) = j**2 - 10*j + 17. What is the remainder when v(-2) is divided by x(10)?
16
Suppose 4*c - 124 + 20 = 0. Let k = c - 15. Let h(s) = 32*s**2 - 1. Calculate the remainder when h(-1) is divided by k.
9
Suppose -q = -0*q - 3*m, 3*q - 24 = m. What is the remainder when 4/(-34) + 1370/85 is divided by q?
7
Let f = -56 + 96. Calculate the remainder when f is divided by 12.
4
Let x = -2 + 7. Suppose -x*a + 0*a + 35 = 0. Suppose -60 = 3*j - a*j. What is the remainder when j is divided by 4?
3
Let v(q) = 2*q**3 - q**2 - 3*q + 3. Let s = 10 - -5. Calculate the remainder when s is divided by v(2).
6
Let f(t) = -t**2 - 12*t + 4. What is the remainder when f(-9) is divided by -5 - -9 - (-6 - 1)?
9
Let i = 16 - 12. Suppose -24 - 108 = -i*j. What is the remainder when 65 is divided by j?
32
Let k(t) be the second derivative of t**4/12 + t**3/6 - 5*t**2/2 + 4*t. Calculate the remainder when k(-4) is divided by 3.
1
Suppose -5*m + 2*l - 13 + 160 = 0, -4*m = -4*l - 108. Let x = 47 - m. What is the remainder when 30 is divided by x?
14
Let d = 31 - 19. Let g = -3 + -3. Let h = g + d. Calculate the remainder when 17 is divided by h.
5
What is the remainder when 21 is divided by 2 + 40/(-12)*-3?
9
Suppose -3*d = 4*t - 77, 6*d - 4*d - 98 = -5*t. Calculate the remainder when t is divided by 11.
9
Suppose 3*t - 149 = -a, -3*t + 3*a + 92 = -t. Let b = 18 - 35. Let y = b + 34. What is the remainder when t is divided by y?
15
Let a(i) = -4*i + 1. Suppose 7*f - 11*f + 8 = 2*z, 2*z + 2*f - 6 = 0. What is the remainder when a(-1) is divided by z?
1
Let z be ((-6)/(5 - 4))/(-1). What is the remainder when 10 is divided by (z/(-3))/((-4)/10)?
0
Let n = 1 - -3. Let i be (10/(-4))/(2/n). What is the remainder when 34 is divided by 3/(-1)*(i + 1)?
10
Suppose -f - 53 = -5*x + 20, -5*f = -10. What is the remainder when x is divided by 4?
3
Suppose -5*d + 795 = -0*d. Let y be (4/(-3))/((-2)/d). Let o = -71 + y. Calculate the remainder when o is divided by 12.
11
Suppose 0 = -3*m - 2*m. Suppose m = 3*y - s - 12, -5*y - 4*s + 20 = -0*s. Let w = -151 + 166. Calculate the remainder when w is divided by y.
3
Let g be (-13 - (1 - 3))*-1. What is the remainder when (-4)/(-22) - (-218)/g is divided by 11?
9
Suppose -2*y + 0*y + 10 = 0. Let l = 7 + -5. Calculate the remainder when y is divided by (l/2)/(6/18).
2
Let n be 2/4*-6 - -3. Suppose -2*d + 22 = -n*d. Calculate the remainder when 31 is divided by d.
9
Suppose -t - 5*p + 2 = 0, 3*t + t - 76 = -3*p. Calculate the remainder when 85 is divided by t.
19
Suppose -4*a + 18 = 2. Suppose 6 + 66 = a*s. Calculate the remainder when s is divided by 5.
3
Let u(o) = o**3 - 8*o**2 - 8*o - 6. What is the remainder when 8 is divided by u(9)?
2
Suppose o + 2*a = 16, -2*a + 1 = -1. Let c = 1 + 2. Let q = o + c. Calculate the remainder when 49 is divided by q.
15
Let i be -24*((-15)/6)/(-5). Calculate the remainder when i/30 + 114/10 is divided by 7.
4
Let w = -108 - -153. Suppose w = -5*g - 0*g. Calculate the remainder when 25 is divided by (-2)/6 + (-84)/g.
7
Let u(x) = -2*x + 3. What is the remainder when 118 is divided by u(-6)?
13
Suppose 5*y + 195 = 6*c - c, 0 = -c + 5*y + 55. Calculate the remainder when c is divided by 9*1 + 0/(-1).
8
Let j = 5 - -26. Suppose 0*m - 4 = m. Calculate the remainder when j is divided by (66/(-9))/(m/6).
9
Suppose -2*i + 5 - 1 = 2*w, -6 = -2*i - 3*w. Suppose -4*v = -i*v - 40. What is the remainder when 27 is divided by v?
7
Let y = -72 + 96. Suppose 0 = 7*c - 2*c - 45. What is the remainder when y is divided by c?
6
Suppose -8*i + 36 = -4*i. Let w be 4/((-8)/(-6)) - -1. Suppose t - w*t = -75. Calculate the remainder when t is divided by i.
7
Calculate the remainder when 115 is divided by (-8)/(-20) - ((-756)/20)/3.
11
What is the remainder when 77 is divided by (-48)/(-64) + (-61)/(-4)?
13
Suppose 24 = -2*w + 42. Calculate the remainder when 35 is divided by w.
8
Suppose -3 = -x - 1. Suppose -j - 2*w = -19, -3*j + x*w - w = -29. Let o(c) = -c**3 + 6*c**2 - 3*c. Calculate the remainder when o(4) is divided by j.
9
Suppose 0 = 4*x + 5 + 3. Let g(v) = 5*v**2 + 2*v + 2. Let o = 22 + -12. Calculate the remainder when g(x) is divided by o.
8
Suppose -5*l + 4*h = -18, -3*l - 2*h + 3 = -7*h. Let v(i) = 2*i**2 - i - 2. Calculate the remainder when -1*-3*44/l is divided by v(-2).
6
Suppose -5*t = i - 35, 2*i - 45 = i - 3*t. What is the remainder when i is divided by 9?
6
What is the remainder when 31 is divided by (102/9)/(4/6)?
14
Let p = 141 + -120. What is the remainder when 37 is divided by p?
16
Let w(m) = -m**3 + 2*m**2 + 2*m + 4. What is the remainder when w(-3) is divided by (0 + 9)*(-30)/(-18)?
13
Let u(a) = 3*a**3 + 2*a**2 - 3*a. Calculate the remainder when 155 is